f 1160?
True
Is 4442982 a multiple of 235?
False
Is 1225076 a multiple of 2?
True
Does 253 divide 263120?
True
Does 4 divide 158924?
True
Is 87 a factor of 284316?
True
Is 64 a factor of 1198400?
True
Is 9794948 a multiple of 109?
False
Is 2 a factor of 294234?
True
Does 10 divide 108348?
False
Does 668 divide 51263?
False
Is 11 a factor of 532103?
True
Is 188691 a multiple of 52?
False
Does 1275 divide 20986500?
True
Is 226 a factor of 258178?
False
Does 576 divide 351936?
True
Does 30 divide 173880?
True
Is 13 a factor of 1164241?
True
Is 25 a factor of 387249?
False
Is 346 a factor of 2348994?
True
Is 269 a factor of 652594?
True
Is 23 a factor of 127075?
True
Does 10 divide 8660?
True
Does 317 divide 251412?
False
Is 2 a factor of 382297?
False
Is 99 a factor of 4489947?
True
Is 35014 even?
True
Does 536 divide 409504?
True
Is 1380064 a multiple of 4?
True
Is 55254 a multiple of 19?
False
Is 627 a factor of 4437906?
True
Is 194 a factor of 896803?
False
Is 165718 a multiple of 38?
True
Is 2692623 a multiple of 3?
True
Is 577183 a multiple of 163?
True
Is 5 a factor of 70265?
True
Is 2 a factor of 245139?
False
Does 47 divide 101530?
False
Is 3 a factor of 4668?
True
Is 18 a factor of 667818?
True
Is 21 a factor of 229518?
False
Is 59 a factor of 97409?
True
Does 57 divide 1085676?
False
Is 93942 a multiple of 107?
False
Is 26999 a multiple of 5?
False
Does 8 divide 140879?
False
Is 52534 a multiple of 20?
False
Is 351 a factor of 783281?
False
Does 66 divide 683166?
True
Does 135 divide 796905?
True
Does 8 divide 189712?
True
Does 129 divide 12642?
True
Is 906231 a multiple of 457?
True
Is 924 a factor of 1189188?
True
Is 939 a factor of 4685507?
False
Is 16 a factor of 2787261?
False
Is 114 a factor of 14317944?
True
Is 705384 a multiple of 346?
False
Does 375 divide 7687500?
True
Does 17 divide 141593?
True
Is 437 a factor of 995049?
True
Is 650381 a multiple of 360?
False
Does 137 divide 315210?
False
Is 1071885 a multiple of 95?
True
Does 815 divide 5126350?
True
Does 10 divide 32800?
True
Does 547 divide 3868931?
True
Is 87021 a multiple of 293?
True
Is 705 a factor of 2638066?
False
Does 264 divide 216812?
False
Is 293286 a multiple of 182?
False
Is 15 a factor of 6529522?
False
Is 502 a factor of 4780007?
False
Is 46501 a multiple of 73?
True
Is 64595 a multiple of 26?
False
Is 53 a factor of 22101?
True
Does 82 divide 3421635?
False
Is 1093039 a multiple of 286?
False
Does 116 divide 793?
False
Does 9 divide 404744?
False
Is 398 a factor of 519047?
False
Does 118 divide 55696?
True
Is 61 a factor of 1257377?
False
Is 3362604 a multiple of 84?
True
Does 77 divide 492155?
False
Is 40333 a multiple of 8?
False
Does 6 divide 1858863?
False
Does 17 divide 2822986?
True
Is 73 a factor of 1054120?
True
Is 451451 a multiple of 143?
True
Does 120 divide 744360?
True
Is 212 a factor of 392598?
False
Is 16612 a multiple of 35?
False
Does 145 divide 10422776?
False
Is 532 a factor of 122732?
False
Is 184 a factor of 852861?
False
Is 942467 a multiple of 1035?
False
Is 4893318 a multiple of 384?
False
Is 589317 a multiple of 4?
False
Does 40 divide 37560?
True
Does 1446 divide 6235152?
True
Does 13 divide 1242457?
False
Is 2325747 a multiple of 71?
True
Is 131469 a multiple of 39?
True
Is 2 a factor of 1639284?
True
Is 3486756 a multiple of 434?
True
Is 30 a factor of 288709?
False
Is 134952 a multiple of 11?
False
Is 20 a factor of 73731?
False
Is 616140 a multiple of 54?
True
Is 174 a factor of 3547686?
True
Does 889 divide 12891812?
False
Is 49112 a multiple of 120?
False
Is 538315 a multiple of 115?
True
Is 1165 a factor of 5243412?
False
Is 34475 a multiple of 25?
True
Is 113787 a multiple of 14?
False
Is 197 a factor of 469087?
False
Is 2068751 a multiple of 27?
False
Is 7 a factor of 85092?
True
Does 117 divide 47151?
True
Does 19 divide 68587?
False
Is 150 a factor of 215291?
False
Does 34 divide 2271166?
True
Is 27 a factor of 289950?
False
Is 41 a factor of 1062103?
False
Is 8 a factor of 304453?
False
Is 591 a factor of 580953?
True
Is 804626 a multiple of 27?
False
Is 767898 a multiple of 6?
True
Is 139226 a multiple of 67?
True
Is 64 a factor of 30656?
True
Is 169 a factor of 64896?
True
Does 160 divide 3814240?
True
Is 1151316 a multiple of 30?
False
Is 59 a factor of 29222?
False
Is 16 a factor of 7107585?
False
Does 655 divide 2724800?
True
Is 565 a factor of 6081660?
True
Is 16528 a multiple of 33?
False
Does 54 divide 7025400?
True
Is 107955 a multiple of 15?
True
Is 592680 a multiple of 220?
True
Is 962070 a multiple of 12?
False
Does 11 divide 17501828?
False
Does 64 divide 3018176?
True
Is 6403125 a multiple of 17?
False
Is 6786026 a multiple of 38?
False
Is 17 a factor of 6309778?
False
Does 88 divide 426712?
True
Does 36 divide 1231406?
False
Is 4 a factor of 128033?
False
Does 1459 divide 5942507?
True
Is 167754 a multiple of 160?
False
Is 2683758 a multiple of 777?
True
Is 18952 a multiple of 2?
True
Is 1212 a factor of 10311696?
True
Does 231 divide 422499?
True
Is 1313580 a multiple of 20?
True
Is 1193412 a multiple of 44?
True
Is 90 a factor of 512010?
True
Is 273024 a multiple of 36?
True
Does 40 divide 110913?
False
Does 983 divide 6496647?
True
Is 410 a factor of 1268156?
False
Does 66 divide 15972?
True
Is 565 a factor of 5160145?
True
Does 37 divide 1378287?
True
Is 708510 a multiple of 87?
False
Does 586 divide 596707?
False
Is 10966494 a multiple of 462?
True
Is 14 a factor of 2246888?
True
Is 598162 a multiple of 57?
False
Does 4 divide 3305967?
False
Is 29 a factor of 3527896?
False
Does 20 divide 1577620?
True
Is 430 a factor of 692300?
True
Is 65 a factor of 52910?
True
Is 16617 a multiple of 121?
False
Does 362 divide 714588?
True
Is 262 a factor of 837090?
True
Is 1229 a factor of 52847?
True
Is 45884 a multiple of 3?
False
Does 174 divide 3836262?
False
Does 601 divide 101929?
False
Is 318845 a multiple of 73?
False
Is 122046 a multiple of 330?
False
Is 225 a factor of 1456103?
False
Does 30 divide 19645980?
True
Is 96 a factor of 1829760?
True
Does 2 divide 787?
False
Is 6761152 a multiple of 356?
True
Does 39 divide 630517?
False
Is 323895 a multiple of 13?
True
Is 55878 a multiple of 201?
True
Is 1395493 a multiple of 121?
True
Is 51 a factor of 738837?
True
Does 148 divide 948680?
True
Is 4 a factor of 151385?
False
Is 3360166 a multiple of 254?
True
Does 68 divide 823140?
True
Does 31 divide 1245718?
False
Does 333 divide 211455?
True
Is 4409542 a multiple of 13?
False
Is 629726 a multiple of 461?
True
Does 12 divide 73884?
True
Is 6758 a multiple of 62?
True
Does 66 divide 528594?
True
Is 19 a factor of 226309?
True
Is 12880 a multiple of 2?
True
Does 141 divide 86724?
False
Is 328 a factor of 49200?
True
Is 108 a factor of 3942103?
False
Is 522 a factor of 11643210?
True
Is 88360 a multiple of 5?
True
Is 71 a factor of 717526?
True
Is 12059457 a multiple of 1025?
False
Is 4 a factor of 957651?
False
Does 51 divide 861339?
True
Is 41165 a multiple of 205?
False
Is 6 a factor of 902675?
False
Does 70 divide 42280?
True
Is 25388 a multiple of 43?
False
Is 141414 a multiple of 98?
True
Does 55 divide 16940?
True
Does 140 divide 51129?
False
Does 16 divide 637392?
True
Is 10388235 a multiple of 19?
False
Is 1857861 a multiple of 101?
False
Is 300 a factor of 8831100?
True
Does 10 divide 472820?
True
Does 659 divide 23451174?
True
Is 1945540 a multiple of 445?
True
Is 13 a factor of 170504?
False
Is 210102 a multiple of 38?
True
Is 6273960 a multiple of 1176?
True
Does 23 divide 1824446?
False
Does 17 divide 309995?
True
Is 34 a factor of 17801612?
False
Does 390 divide 401626?
False
Is 4087008 a multiple of 46?
True
Is 24 a factor of 22090272?
True
Is 21 a factor of 1435976?
False
Does 9 divide 1150470?
True
Is 5 a factor of 173251?
False
Is 6 a factor of 310560?
True
Is 77 a factor of 4120455?
False
Does 287 divide 742733?
False
Is 13 a factor of 99710?
True
Does 152 divide 3344?
True
Does 24 divide 184279?
False
Is 6 a factor of 228084?
True
Is 3 a factor of 471631?
False
Does 20 divide 58320?
True
Does 28 divide 256200?
True
Does 1269 divide 3364627?
False
Is 33 a factor of 244090?
False
Is 291238 a multiple of 11?
False
Is 3 a factor of 57700?
False
Does 254 divide 7933690?
True
Is 153361 a m